
8
What is the units digit of 754417?
7
What is the thousands digit of 87824?
7
What is the ten thousands digit of 991312?
9
What is the thousands digit of 2307350?
7
What is the tens digit of 3043003?
0
What is the tens digit of 16138300?
0
What is the tens digit of 12255?
5
What is the thousands digit of 19749?
9
What is the hundred thousands digit of 17689735?
6
What is the hundred thousands digit of 3849732?
8
What is the hundreds digit of 49588?
5
What is the tens digit of 16083951?
5
What is the ten thousands digit of 1131316?
3
What is the millions digit of 3336303?
3
What is the ten thousands digit of 575938?
7
What is the hundreds digit of 147147?
1
What is the ten thousands digit of 380886?
8
What is the ten thousands digit of 14672840?
7
What is the tens digit of 139836?
3
What is the ten thousands digit of 1392194?
9
What is the units digit of 18964172?
2
What is the hundreds digit of 819087?
0
What is the hundred thousands digit of 286380?
2
What is the millions digit of 4349383?
4
What is the units digit of 136537?
7
What is the thousands digit of 3653103?
3
What is the thousands digit of 772598?
2
What is the thousands digit of 201185?
1
What is the tens digit of 271931?
3
What is the tens digit of 345573?
7
What is the tens digit of 145593?
9
What is the tens digit of 5793042?
4
What is the ten thousands digit of 466820?
6
What is the tens digit of 14713414?
1
What is the ten thousands digit of 8604977?
0
What is the tens digit of 3586292?
9
What is the ten thousands digit of 4843298?
4
What is the hundred thousands digit of 776056?
7
What is the thousands digit of 481856?
1
What is the hundred thousands digit of 912314?
9
What is the units digit of 85687?
7
What is the hundreds digit of 175645?
6
What is the hundreds digit of 5369959?
9
What is the hundreds digit of 1155382?
3
What is the hundreds digit of 7092317?
3
What is the hundred thousands digit of 421595?
4
What is the thousands digit of 373003?
3
What is the units digit of 6487334?
4
What is the hundreds digit of 2889716?
7
What is the millions digit of 2434795?
2
What is the thousands digit of 229016?
9
What is the hundred thousands digit of 10844989?
8
What is the tens digit of 17785933?
3
What is the units digit of 11921696?
6
What is the hundreds digit of 10642829?
8
What is the tens digit of 127015?
1
What is the millions digit of 1294250?
1
What is the tens digit of 1605642?
4
What is the millions digit of 1803219?
1
What is the ten millions digit of 29183523?
2
What is the hundred thousands digit of 429694?
4
What is the tens digit of 117763?
6
What is the tens digit of 197487?
8
What is the units digit of 3374535?
5
What is the thousands digit of 133607?
3
What is the tens digit of 2957962?
6
What is the hundred thousands digit of 138663?
1
What is the hundreds digit of 460016?
0
What is the thousands digit of 382739?
2
What is the ten thousands digit of 341673?
4
What is the thousands digit of 4356260?
6
What is the units digit of 721056?
6
What is the units digit of 513842?
2
What is the thousands digit of 13555976?
5
What is the ten thousands digit of 232937?
3
What is the units digit of 15889822?
2
What is the tens digit of 16516567?
6
What is the hundreds digit of 10424094?
0
What is the thousands digit of 258457?
8
What is the ten millions digit of 15829921?
1
What is the thousands digit of 14118?
4
What is the thousands digit of 5335627?
5
What is the tens digit of 249088?
8
What is the thousands digit of 12540?
2
What is the tens digit of 1389575?
7
What is the tens digit of 269238?
3
What is the hundred thousands digit of 14616542?
6
What is the tens digit of 124856?
5
What is the units digit of 215800?
0
What is the hundreds digit of 22837774?
7
What is the ten thousands digit of 3465628?
6
What is the thousands digit of 219311?
9
What is the ten thousands digit of 1650311?
5
What is the tens digit of 259158?
5
What is the hundreds digit of 799389?
3
What is the hundreds digit of 208664?
6
What is the tens digit of 41207?
0
What is the hundreds digit of 5173595?
5
What is the thousands digit of 3136640?
6
What is the hundreds digit of 13325198?
1
What is the thousands digit of 23655?
3
What is the ten millions digit of 10297111?
1
What is the hundred thousands digit of 1457517?
4
What is the thousands digit of 525213?
5
What is the thousands digit of 536038?
6
What is the units digit of 18173871?
1
What is the thousands digit of 3925620?
5
What is the ten thousands digit of 7947141?
4
What is the thousands digit of 7272716?
2
What is the units digit of 10810997?
7
What is the units digit of 50203?
3
What is the ten thousands digit of 2674141?
7
What is the ten thousands digit of 65681?
6
What is the thousands digit of 457778?
7
What is the units digit of 199199?
9
What is the hundred thousands digit of 2831639?
8
What is the hundreds digit of 22120980?
9
What is the units digit of 7086396?
6
What is the tens digit of 180642?
4
What is the millions digit of 4594503?
4
What is the tens digit of 440249?
4
What is the hundreds digit of 144738?
7
What is the tens digit of 2496177?
7
What is the units digit of 21106?
6
What is the tens digit of 4671423?
2
What is the thousands digit of 11202435?
2
What is the tens digit of 694021?
2
What is the thousands digit of 4243303?
3
What is the thousands digit of 4051870?
1
What is the hundreds digit of 2942012?
0
What is the thousands digit of 91152?
1
What is the tens digit of 2496935?
3
What is the ten thousands digit of 7987457?
8
What is the units digit of 1043506?
6
What is the hundreds digit of 386736?
7
What is the tens digit of 394944?
4
What is the ten thousands digit of 719074?
1
What is the hundred thousands digit of 6357549?
3
What is the thousands digit of 3597715?
7
What is the hundreds digit of 1251076?
0
What is the hundred thousands digit of 473797?
4
What is the hundreds digit of 3073155?
1
What is the ten thousands digit of 3154272?
5
What is the thousands digit of 3033784?
3
What is the millions digit of 1011503?
1
What is the hundreds digit of 99790?
7
What is the hundreds digit of 2673964?
9
What is the hundreds digit of 553199?
1
What is the hundreds digit of 853456?
4
What is the units digit of 494399?
9
What is the units digit of 1695487?
7
What is the tens digit of 335868?
6
What is the ten thousands digit of 160535?
6
What is the thousands digit of 7338963?
8
What is the hundred thousands digit of 1121589?
1
What is the ten millions digit of 12645499?
1
What is the hundreds digit of 12972089?
0
What is the units digit of 421702?
2
What is the units digit of 19583993?
3
What is the hundreds digit of 114986?
9
What is the thousands digit of 17001449?
1
What is the hundred thousands digit of 4099182?
0
What is the units digit of 2017810?
0
What is the hundred thousands digit of 173974?
1
What is the ten thousands digit of 738176?
3
What is the ten thousands digit of 1172723?
7
What is the tens digit of 1315302?
0
What is the thousands digit of 247881?
7
What is the thousands digit of 75184?
5
What is the millions digit of 19899964?
9
What is the units digit of 597130?
0
What is the units digit of 187981?
1
What is the thousands digit of 1384211?
4
What is the hundred thousands digit of 1391687?
3
What is the units digit of 254938?
8
What is the units digit of 4055044?
4
What is the hundreds digit of 2937495?
4
What is the tens digit of 17678605?
0
What is the tens digit of 1756574?
7
What is the hundreds digit of 8782?
7
What is the units digit of 2883572?
2
What is the units digit of 1225413?
3
What is the hundreds digit of 13445759?
7
What is the hundreds digit of 22606636?
6
What is the units digit of 150918?
8
What is the hundreds digit of 665394?
3
What is the hundreds digit of 1629?
6
What is the hundreds digit of 433860?
8
What is the hundred thousands digit of 1632343?
6
What is the tens digit of 1108467?
6
What is the thousands digit of 69800?
9
What is the hundreds digit of 260693?
6
What is the ten thousands digit of 4973844?
7
What is the hundreds digit of 355494?
4
What is the units digit of 2960452?
2
What is the hundreds digit of 401205?
2
What is the ten thousands digit of 21579?
2
What is the hundred thousands digit of 867121?
8
What is the ten thousands digit of 40019